747762?
2, 1013, 2837
List the prime factors of 18431114.
2, 13, 193, 3673
List the prime factors of 17012508.
2, 3, 211, 6719
List the prime factors of 829070.
2, 5, 11, 7537
What are the prime factors of 879195?
3, 5, 58613
What are the prime factors of 516014?
2, 59, 4373
What are the prime factors of 53332?
2, 67, 199
List the prime factors of 127753.
43, 2971
What are the prime factors of 35161879?
35161879
What are the prime factors of 987020?
2, 5, 17, 2903
What are the prime factors of 2754680?
2, 5, 17, 4051
List the prime factors of 53729.
13, 4133
List the prime factors of 7794821.
7794821
What are the prime factors of 3655472?
2, 47, 4861
List the prime factors of 896302.
2, 11, 131, 311
What are the prime factors of 3282241?
17, 193073
List the prime factors of 5511813.
3, 1837271
What are the prime factors of 5151029?
13, 37, 10709
What are the prime factors of 157705?
5, 31541
What are the prime factors of 458763?
3, 37, 4133
List the prime factors of 2529717.
3, 19, 44381
List the prime factors of 4440126.
2, 3, 740021
What are the prime factors of 5109442?
2, 13, 19, 10343
List the prime factors of 111568.
2, 19, 367
What are the prime factors of 805978?
2, 41, 9829
What are the prime factors of 261697?
261697
List the prime factors of 23486324.
2, 5871581
What are the prime factors of 5259556?
2, 29, 45341
List the prime factors of 20398.
2, 7, 31, 47
What are the prime factors of 4148606?
2, 7, 11, 31, 79
What are the prime factors of 23137911?
3, 29, 88651
What are the prime factors of 642069?
3, 71341
What are the prime factors of 2365468?
2, 7, 84481
What are the prime factors of 499534?
2, 7, 31, 1151
What are the prime factors of 233446?
2, 151, 773
What are the prime factors of 3378542?
2, 19, 67, 1327
List the prime factors of 183706.
2, 31, 2963
What are the prime factors of 9610343?
23, 37, 491
What are the prime factors of 2426304?
2, 3, 12637
List the prime factors of 578674.
2, 41, 7057
List the prime factors of 145360.
2, 5, 23, 79
List the prime factors of 1016862.
2, 3, 7, 11, 31, 71
List the prime factors of 17339.
7, 2477
List the prime factors of 516355.
5, 7, 14753
What are the prime factors of 250224?
2, 3, 13, 401
What are the prime factors of 39522162?
2, 3, 107, 61561
What are the prime factors of 74286?
2, 3, 4127
List the prime factors of 262764.
2, 3, 811
List the prime factors of 9772071.
3, 97, 33581
List the prime factors of 8743382.
2, 19, 230089
List the prime factors of 211684.
2, 11, 17, 283
List the prime factors of 598928.
2, 11, 41, 83
List the prime factors of 9257856.
2, 3, 24109
What are the prime factors of 2601384?
2, 3, 107, 1013
What are the prime factors of 329370?
2, 3, 5, 10979
List the prime factors of 34787925.
3, 5, 154613
What are the prime factors of 3917644?
2, 43, 22777
What are the prime factors of 667906?
2, 53, 6301
What are the prime factors of 3638397?
3, 7, 53, 467
What are the prime factors of 101182?
2, 50591
List the prime factors of 9790339.
13, 19, 3049
What are the prime factors of 3386163?
3, 11, 102611
List the prime factors of 362507.
229, 1583
List the prime factors of 5106677.
149, 34273
What are the prime factors of 4476324?
2, 3, 19, 29, 677
What are the prime factors of 6252980?
2, 5, 29, 10781
List the prime factors of 15463.
7, 47
What are the prime factors of 12593?
7, 257
List the prime factors of 265264.
2, 59, 281
What are the prime factors of 172340?
2, 5, 7, 1231
List the prime factors of 595695.
3, 5, 151, 263
What are the prime factors of 281338?
2, 163, 863
List the prime factors of 5307105.
3, 5, 353807
List the prime factors of 8169558.
2, 3, 1361593
What are the prime factors of 148268?
2, 101, 367
What are the prime factors of 313381?
313381
List the prime factors of 7148217.
3, 2382739
What are the prime factors of 19112?
2, 2389
List the prime factors of 841227.
3, 280409
List the prime factors of 5455515.
3, 5, 13, 101, 277
What are the prime factors of 156260?
2, 5, 13, 601
List the prime factors of 980893.
980893
List the prime factors of 1482790.
2, 5, 148279
List the prime factors of 22747354.
2, 7, 1624811
List the prime factors of 129643.
129643
What are the prime factors of 139330?
2, 5, 13933
What are the prime factors of 264020?
2, 5, 43, 307
What are the prime factors of 320763?
3, 106921
What are the prime factors of 67537?
67537
What are the prime factors of 230393?
230393
List the prime factors of 8143579.
1399, 5821
What are the prime factors of 11421658?
2, 47, 121507
List the prime factors of 2323935.
3, 5, 43, 1201
List the prime factors of 403083.
3, 14929
List the prime factors of 1803843.
3, 66809
What are the prime factors of 1454346?
2, 3, 43, 1879
List the prime factors of 55795.
5, 11159
List the prime factors of 55622.
2, 7, 29, 137
List the prime factors of 1009433.
1009433
What are the prime factors of 745694?
2, 372847
List the prime factors of 9936028.
2, 1259, 1973
What are the prime factors of 157623?
3, 52541
List the prime factors of 11111168.
2, 43403
List the prime factors of 814954.
2, 7, 58211
List the prime factors of 257368.
2, 53, 607
List the prime factors of 71030.
2, 5, 7103
List the prime factors of 343463.
19, 18077
List the prime factors of 854246.
2, 73, 5851
What are the prime factors of 13129377?
3, 109, 40151
List the prime factors of 1317616.
2, 82351
What are the prime factors of 60773?
60773
What are the prime factors of 2166051?
3, 83, 8699
List the prime factors of 30972656.
2, 11, 13, 13537
List the prime factors of 168358.
2, 84179
What are the prime factors of 250744?
2, 13, 2411
What are the prime factors of 1129915?
5, 225983
What are the prime factors of 21810819?
3, 257, 28289
What are the prime factors of 121305?
3, 5, 8087
What are the prime factors of 190166?
2, 95083
What are the prime factors of 558361?
647, 863
What are the prime factors of 1108607?
79, 14033
What are the prime factors of 659918?
2, 7, 47137
List the prime factors of 231652.
2, 29, 1997
List the prime factors of 6904836.
2, 3, 191801
List the prime factors of 366284.
2, 91571
List the prime factors of 32229844.
2, 827, 9743
List the prime factors of 14448153.
3, 4816051
List the prime factors of 4945706.
2, 2472853
What are the prime factors of 307550?
2, 5, 6151
List the prime factors of 136947.
3, 191, 239
List the prime factors of 113008.
2, 7, 1009
List the prime factors of 108494.
2, 17, 3191
What are the prime factors of 1234758?
2, 3, 7, 29399
What are the prime factors of 57309?
3, 7, 2729
What are the prime factors of 517146?
2, 3, 7, 1759
List the prime factors of 8776066.
2, 13, 337541
List the prime factors of 31314201.
3, 23, 41, 11069
List the prime factors of 5036823.
3, 11, 5653
List the prime factors of 225272.
2, 29, 971
List the prime factors of 9827318.
2, 1753, 2803
List the prime factors of 130662.
2, 3, 7, 17, 61
List the prime factors of 231093.
3, 317
What are the prime factors of 379904?
2, 7, 53
List the prime factors of 5295985.
5, 1059197
List the prime factors of 8259700.
2, 5, 151, 547
List the prime factors of 359572.
2, 241, 373
List the prime factors of 5861941.
23, 281, 907
What are the prime factors of 87709?
139, 631
What are the prime factors of 192232?
2, 24029
What are the prime factors of 547331?
23, 53, 449
What are the prime factors of 134719?
13, 43, 241
What are the prime factors of 273648?
2, 3, 5701
What are the prime factors of 5610624?
2, 3, 19, 769
List the prime factors of 237549.
3, 13, 6091
List the prime factors of 8446578.
2, 3, 7, 83, 2423
What are the prime factors of 215447?
215447
What are the prime factors of 751373?
7, 107339
List the prime factors of 337379.
7, 48197
List the prime factors of 2996453.
2996453
List the prime factors of 487599.
3, 7, 31, 107
List the prime factors of 5014673.
5014673
What are the prime factors of 651870?
2, 3, 5, 7243
List the prime factors of 996951.
3, 332317
List the prime factors of 117636.
2, 3, 9803
What are the prime factors of 7714739?
7714739
What are the prime factors of 11053723?
17, 41, 15859
What are the prime factors of 413354?
2, 31, 59, 113
List the prime factors of 339813.
3, 17, 2221
What are the prime factors of 11231582?
2, 5615791
List the prime factors of 89479.
13, 6883
List the pri